s digit of x?
5
Suppose 434357 + 733473 = 96*j - 38*j. What is the units digit of j?
5
Let m = 46 + 172. Let x = 149 - -242. Let g = x - m. What is the hundreds digit of g?
1
Let c(g) = -5*g**2 + 23*g - 6. Let y be c(4). What is the tens digit of (2/y)/(29/16443)?
8
Let g = 68938 + -42957. What is the tens digit of g?
8
Let l be 1*3 - (-20 - 397). Suppose -24*p - l = -26*p. What is the tens digit of p?
1
Let b(d) = 3*d**2 - 11*d - 2. Suppose -4*h - 4*o + 9*o + 213 = 0, -5*h + 288 = o. Suppose -12*p + h = -3. What is the units digit of b(p)?
8
Let w be ((-21)/15 + 1)/((-1)/(-10)). Let s be 1*0/(-3) + 2. What is the tens digit of (5 - (-78)/(-1))*w/s?
4
Suppose -149*o + 153*o - 16 = 0. Suppose 561 = o*u - h + 4*h, -2*u + h = -283. What is the units digit of u?
1
What is the thousands digit of (-16160)/24*30/(-4)?
5
Suppose 0 = z + 5*m - 148, -z - 3*z + 4*m = -640. Let y be 1*-3*4/12*-84. Let o = z - y. What is the tens digit of o?
7
Suppose 7*m - 17648 - 28916 = -7*m. What is the tens digit of m?
2
Suppose -j - 5 = 0, 2*w + j - 187 = 6*w. Let z be (64/w)/((-1)/(-45)). Let r = 115 + z. What is the units digit of r?
5
Suppose -6*d = 199 - 223. Suppose w + d*w - 203 = -4*f, -4*f = 12. What is the tens digit of w?
4
Suppose 7*k + 630 = 658. Suppose 3*b - x + 161 - 1009 = 0, 0 = -k*b - x + 1126. What is the units digit of b?
2
Suppose 10*z + 20 = -0*z. Let d be (z*76/(-8) - 1)*2. Let y = d + 21. What is the tens digit of y?
5
Suppose -5*j + 28299 = -i, 66*j - 3*i = 67*j - 5647. What is the tens digit of j?
5
Suppose 21189 = u + 2*q, -5*q = 4*u + 47709 - 132459. What is the hundreds digit of u?
1
Let b = -63596 + 109350. What is the tens digit of b?
5
Suppose -15*c = -10*c - 20. Suppose -4*y + 2*y + 10 = 0, c*g - 96 = -4*y. What is the tens digit of g/((1 - (-1)/2) + -1)?
3
Suppose 18*l = 28569 + 61251. What is the tens digit of l?
9
Suppose 8990 = 2*j + 4*o + 3732, 0 = -3*o - 3. What is the thousands digit of j?
2
Let a(u) = -u**3 - 14*u**2 - 12*u + 14. Let l be a(-13). Suppose -3*s + 2*n = -270, -l - 5 = 2*n. Suppose -3*o = -125 - s. What is the tens digit of o?
7
Suppose 86*j - 96949 + 255679 = 1182302. What is the units digit of j?
2
Let j(z) = -328*z - 194. Let f be j(-16). Suppose 0 = 4*b + 5*v - f, 664 - 6961 = -5*b + 4*v. What is the tens digit of b?
6
Suppose d + 49 = 2*s, -3*s + 5*d - 3*d = -73. What is the tens digit of (-5*s)/(3/(-3))?
2
Let b be 400*(-4 + (-92)/(-16)). Suppose 14*c - b - 966 = 0. What is the units digit of c?
9
Let m be (0 - 158) + -34 + 32. What is the hundreds digit of (-110304)/m + 2/(-5)?
6
Let s = 11934 + -5040. Suppose 14*x - 23*x + s = 0. What is the units digit of x?
6
Suppose -90*a = -718548 - 2406612. What is the ten thousands digit of a?
3
Let s = 127897 + -76339. What is the units digit of s?
8
Let i(t) be the first derivative of 17*t**5/40 - t**4/8 - 3*t**3 - 2. Let q(s) be the third derivative of i(s). What is the units digit of q(1)?
8
Let s(b) = -17*b**2 - 23*b + 39. Let m be s(1). Let o(z) be the first derivative of -39*z**2 + 2*z + 1. What is the units digit of o(m)?
0
Let b(w) = 2*w**2 - 360*w - 113. What is the thousands digit of b(-35)?
4
Suppose 2*p = -b + 47, 192 = 3*b - p + 65. Suppose b*r - 56*r = -10894. What is the tens digit of r?
3
Let j(l) = -l**2 + 10*l - 21. Let g be j(7). Suppose -5*c + 653 + 777 = g. What is the tens digit of c?
8
Let s(n) be the second derivative of 43*n**4/12 + n**2/2 - 3*n. Suppose 30 = -6*q + 42. What is the hundreds digit of s(q)?
1
Let m(x) = 10*x - 11. Let r = -53 - -88. Let l = 43 - r. What is the units digit of m(l)?
9
Let z = -1468 + 1470. Suppose -2*o = -3*o + 40. What is the units digit of (z + 1)*(o/6)/5?
4
Suppose -2415*g - 1438724 = -2443*g. What is the ten thousands digit of g?
5
Let n(t) = t**3 + t**2 - 11*t - 11. Let p be n(9). Suppose 4*b - 3*d - 732 = 0, -5*b - 5*d + p = -b. What is the hundreds digit of b?
1
Let s be ((-3)/(-6))/(21/924). What is the units digit of (2 - s/6)/(7/(-2961))?
5
Suppose -2*q - 30984 = 3*m - 163923, 0 = -3*q + 18. What is the hundreds digit of m?
3
Suppose -4040 = -3*b + 5*z - 0*z, 6*z + 2704 = 2*b. What is the units digit of b?
0
Let m = -855 - -859. What is the tens digit of ((-12)/(-30))/(m/1480) - 2?
4
Let s be -1*(89/(-3) + (-32)/(-48)). Let b = s + -31. What is the tens digit of (-6)/(-9) + ((-712)/6)/b?
6
Let t(d) = d**2 - 16*d + 65. Let f be t(6). Suppose 0 = z - f*j + 150 - 426, 2*j + 828 = 3*z. What is the tens digit of z?
7
Suppose -2*g + 12 = 2*g. Let u be g + (1 - 8) + 200. Suppose 2*n = -n + 3*q + 189, -u = -3*n - 4*q. What is the tens digit of n?
6
Let q(r) = 6*r**2 - r. Let f be q(2). Let d = -19 + f. Suppose -65 = -d*l - z, -l + 24 = 5*z - 7. What is the tens digit of l?
2
Suppose 11*a + 326826 = 12*a + 17*a. What is the units digit of a?
7
Let w(k) = 3*k**3 + 283*k**2 - 76*k - 295. What is the units digit of w(-94)?
5
Suppose b = -2*c + 3016, 37*b - 38*b = -c - 3025. What is the units digit of b?
2
Let l be (-18)/((16/(-440))/((-16)/(-30))). Let w = l + -196. What is the units digit of w?
8
Suppose -180 = 11*g + 568. Let x = g - -107. Suppose -x*t = -42*t + 90. What is the units digit of t?
0
Suppose 0 = -5*x + 3*m + 29, 3*m + 0*m + 25 = 4*x. Suppose x*b - 36 = 5*y, -5*y - 3*b = -4*b + 24. Let h(r) = -23*r - 2. What is the units digit of h(y)?
0
What is the thousands digit of ((-46)/(-8))/(5/17260)?
9
Suppose 20 = 3*i + 293. Let z = i + 238. What is the units digit of z?
7
Let a(t) = t**2 + 24*t + 1886. What is the thousands digit of a(-141)?
8
Suppose 180*w = 177*w + 108. What is the hundreds digit of (-2473)/(-9) + 1 + (-28)/w?
2
Let j = -14 + 49. Suppose -5*l = -5*v - j, 0*v - v = l - 3. Suppose l*x - 910 = -5*u, 0 = 3*u + 3*x - 2*x - 556. What is the units digit of u?
7
Let d(l) = 2*l - 4. Let u be d(-1). Let z be 4257/21 + u/(-21). Let s = z + -119. What is the units digit of s?
4
Let r(w) be the third derivative of 1/120*w**6 + 0*w + 7*w**2 + 0*w**3 + 0 + 5/24*w**4 - 1/12*w**5. What is the units digit of r(4)?
4
Suppose k - 24344 = -2*m, 198*k - 36516 = -3*m + 199*k. What is the units digit of m?
2
Suppose 39*q = 51*q - 18036. What is the tens digit of q?
0
Let a(u) = -3*u**2 - 33*u + 3. Let g be a(-16). What is the thousands digit of (-13430)/g*18/1?
1
What is the thousands digit of 323/57 + (-2)/(-6) - (1 + -10914)?
0
Let r = -2 + 2. Let x(i) = -i**3 + 12*i**2 + 18*i + 29. Let z be x(7). Suppose r = -3*p + 5*p - z. What is the hundreds digit of p?
2
Suppose -95*l - 644620 = -2286410. What is the tens digit of l?
8
Suppose 2*o = h + 3097 + 2113, 0 = 2*o + 5*h - 5222. What is the hundreds digit of o?
6
Let a = 54 + -51. Suppose 2*g - 19 = -0*o - o, 0 = -5*g - a*o + 45. What is the units digit of (-604)/(-6) - ((-16)/g - -1)?
1
Let x = 305 - 1027. Let b = 1176 + x. What is the units digit of b?
4
Let m be 5 + (5 - (0 - -6)). Suppose 30 = 2*k + 4*g, -3*k - k = m*g - 44. What is the units digit of k?
7
Suppose 0 = 4*f + 6*f - 190. Suppose -3 = 2*q - 2*s - f, 0 = -2*q - s + 10. Suppose 123 = 3*t + 3*d - q*d, -4*t + 170 = 2*d. What is the tens digit of t?
4
Suppose 0 = -3*z - 5*g + 38, g - 2*g + 10 = z. Suppose -z*i + 35 = -37. Suppose -1328 = -i*n + 184. What is the tens digit of n?
2
Let g(z) = -z + 9. Let n be g(7). Suppose 2*t + u - 545 = 6*u, n*t - 521 = -3*u. Suppose 10 - t = -3*p. What is the units digit of p?
5
Let j(g) = 7*g - 20. Let q be j(8). Let u = q + -36. Suppose 3*z - 5 - 7 = u. What is the units digit of z?
4
Let g(v) = v**2 - 23*v - 10. Let p be g(23). Let y(o) = 12*o**2 + 42*o + 8. What is the units digit of y(p)?
8
Suppose -4*p + 0 = 20, 3*c - 17590 = -4*p. What is the tens digit of c?
7
Suppose -2 = -11*x + 9*x. Suppose -2*j = -x - 5. Suppose q - 219 = -v, v = -5*q + j*v + 1116. What is the tens digit of q?
2
Let c = 25309 + -15432. What is the tens digit of c?
7
Let z be 5 + (1 - -1) + (-8)/2. Suppose 0 = 3*u + z*d - 2307, 0 = 12*d - 17*d + 25. What is the units digit of u?
4
Let p = -413 + 1680. What is the thousands digit of p?
1
Let s(y) = -y**3 - 13*y**2 + 11*y - 9. Suppose -2*k - 43 = 3*l, -6*l - 62 = 3*k - 2*l. Let w be s(k). Suppose 3*c - 129 + w = 0. What is the units digit of c?
2
Suppose 3*j - 6512 = -5*t, -t - 2*j - 167 = -1461. What is the hundreds digit of t?
3
Let 